git of i/(-1 + 0) - -4?
1
Let t(g) = 13*g**2 + g + 1. Let h be (-5 + 6)/(-3 - -2). What is the tens digit of t(h)?
1
What is the hundreds digit of (-7 - 1045/25)/(1/(-5))?
2
What is the tens digit of (-7)/((-28)/424) - (0 - 4)?
1
Let t(a) = 3*a**2 + 5*a + 9. What is the tens digit of t(-5)?
5
Let g be (-3 - -41) + 3 + -3. Suppose 0 = 5*i - 3*p - g, 1 + 3 = 2*i - 4*p. What is the units digit of i?
0
Suppose 33*w + 303 = 34*w. What is the tens digit of w?
0
Let o(z) = 2*z + 14. What is the tens digit of o(16)?
4
Let g(z) = z**3 + 2*z - 2. What is the units digit of g(3)?
1
Suppose -5*s - 330 = -p - 4*p, 2*s = -5*p + 358. What is the units digit of p?
0
Let k = 4 - -5. Suppose 2*r = -1 + k. What is the units digit of (-18)/r*(0 + -2)?
9
Suppose a - 8 = 4*o + 23, 2*a = -o + 71. What is the units digit of a?
5
Let t = 7 + 73. Suppose -7*f = -2*f - t. What is the units digit of f?
6
Suppose -3*q + 117 = 3*y, y - 42 = 4*q + 22. Suppose -y + 160 = 4*g - 4*w, -2*g - 4*w = -40. Let j = -13 + g. What is the units digit of j?
3
Suppose -3*h + 4*z + 26 = 0, 2*h - 5*z = -4*z + 9. Suppose -h*c - 4 = -2. Let g = 2 + c. What is the units digit of g?
1
Suppose 21*b + 144 = 25*b. What is the tens digit of b?
3
Suppose -3*m - 5 = -4*m. Suppose -m*z + z + 68 = 0. What is the units digit of z?
7
Let f = 24 - -7. Let l = f - 12. What is the tens digit of l?
1
Let b(r) = r - 3. Suppose 4*i - 74 = 3*q, 4*i = -5*q + 112 - 22. Suppose -4*y - y + i = 0. What is the units digit of b(y)?
1
Let l(j) = -3*j + 16. What is the units digit of l(-10)?
6
Suppose c - 2*x - 396 = -60, -4*c - x + 1317 = 0. What is the tens digit of c?
3
Suppose -212 = -6*i + 2*i. What is the units digit of i?
3
Let i(x) = 5*x - 1. Let k(y) = 6*y - 1. Let v(w) = -5*i(w) + 4*k(w). Let o(q) = -q - 12. Let d be o(-6). What is the units digit of v(d)?
7
Let n(z) = z - 16. Let i be n(0). Let s = -10 - i. What is the units digit of s?
6
Suppose 462 = -3*r + 10*r. What is the tens digit of r?
6
Suppose -8 = -3*z + z. Let m be 0 + 29 + z/(-2). Let y = m + -18. What is the units digit of y?
9
What is the tens digit of (-21)/14*(-2)/3 - -69?
7
Let x = -8 - -13. Let r be (17/(-2))/((-8)/16). Let j = r - x. What is the units digit of j?
2
Let v be 2/7 + 6/(-21). What is the units digit of 3 + 0 - (v - 1)?
4
Let f(i) = -i**3 + 5*i**2 + 6*i + 5. Let l be f(6). Suppose 2*g = -5*h + 259, 280 = 5*h - 0*g - l*g. What is the units digit of h?
3
Let i(r) = -r**2 + 6*r - 6. Let u be i(6). Let n(k) = -k**2 - 6*k + 2. Let h be n(u). Suppose y - h = -0. What is the units digit of y?
2
Suppose -10 = -5*h, 0 = -2*f + 5*h - h - 6. Suppose -5*l - 3 = -13. Suppose l*o - 1 - f = 0. What is the units digit of o?
1
Suppose 0 = 5*l + 13 - 73. What is the units digit of l?
2
Let n(g) = 8*g - 3. What is the tens digit of n(2)?
1
Let l be 8/(-5)*(-20)/8. Suppose l*g - 2*g = 3*i + 8, 4*i + 2*g = -20. What is the units digit of ((-14)/i)/((-2)/(-4))?
7
Let x(n) = 29*n**2 - 2*n + 2. What is the tens digit of x(1)?
2
Let y = 151 + -52. What is the units digit of y?
9
What is the tens digit of ((-39)/(-3))/(2 - (-10)/(-6))?
3
Let b = -49 + 86. Suppose 13 = -q + 5*y, -7*y + 2*y + b = q. Suppose -k = -q + 1. What is the units digit of k?
1
Let h(b) = 2*b**2 - 7*b - 12. What is the units digit of h(6)?
8
Let t be -4*(0 - (-5)/(-4)). Suppose -12 = -4*o, 0*q = -2*q + 3*o + 27. Suppose 22 = 5*r - 3*x, t*r = -2*x + 4*x + q. What is the units digit of r?
2
Let n = 58 - 36. What is the tens digit of n?
2
Suppose -2*t = 3*g - 3*t - 4, 0 = 2*g + 5*t - 31. What is the tens digit of (9/4)/(g/72)?
5
Let a(k) be the second derivative of k**6/360 + k**5/60 - k**4/8 + k**3/6 + k. Let j(v) be the second derivative of a(v). What is the units digit of j(-4)?
5
Suppose 2*f = 4*f - 24. Let y be 8/f + 4/(-6). Suppose y = 2*r - 3 - 3. What is the units digit of r?
3
Let k(r) = -25*r + 25. What is the hundreds digit of k(-6)?
1
Let y(z) = z**3 + 4*z**2 + 2*z + 2. Let t be y(-3). Suppose -n - t + 14 = 0. Suppose n = c + 5*w, 3*w + 11 = 3*c + 2. What is the units digit of c?
4
Let h = 2 - 0. What is the units digit of ((-5)/h)/(6/(-24))?
0
Let w = 111 + -72. Let u = -26 + w. What is the units digit of u?
3
Suppose -16 + 4 = -d. What is the tens digit of d?
1
Let d(x) = -7*x - 9. Let p be d(-4). Suppose -2*k = -p - 15. What is the tens digit of k?
1
Suppose -5 - 16 = -3*f. Let v be ((-20)/6 - -3)*-9. Let t = f - v. What is the units digit of t?
4
Let d(i) = i**3 - 4*i**2 - 4*i - 3. Suppose 0 = 3*z + 5 - 20. Let f be d(z). Suppose h - 7 = -f. What is the units digit of h?
5
Let k(h) = 3*h - 9. Let n be k(7). What is the tens digit of (-16)/n*(-156)/8?
2
Let k(y) = 2*y**3 + 2*y**2 - y. Let m be k(1). Suppose m = p - 2. What is the units digit of p?
5
Suppose 0 = -z - 3*z + 60. Let p = z + -12. What is the units digit of p?
3
Let h(p) be the first derivative of 4*p**2 + p + 1. Let t be h(-2). What is the units digit of 3 + (-5)/(t/(-6))?
1
Let q(u) = -5*u - 10. Let c be q(-7). Let v = c + -15. What is the tens digit of v?
1
What is the tens digit of ((-1)/3)/(1/(-258))?
8
Let z = -20 - -47. What is the tens digit of z?
2
Let v(t) = -t - 5. Let m = 20 + -29. What is the units digit of v(m)?
4
Let r = 1176 - 830. What is the units digit of r?
6
Let k(o) = -o**2 - 2*o + 2*o - o + 14. Let r = 1 - 1. What is the units digit of k(r)?
4
Let t = 17 + -25. Let l(c) = c**2 + 8*c + 4. Let d be l(t). Suppose 3*f - d*g - 6 = g, -2 = -f - 2*g. What is the units digit of f?
2
Let n(u) = 2*u. Let q be n(-1). Let z be q - (2 + -4 + -18). Let h = z + -7. What is the units digit of h?
1
Let n(b) = -b**3 - 6*b**2 - 2*b + 3. What is the tens digit of n(-6)?
1
Let k(r) = r + 16. What is the units digit of k(-7)?
9
Let b be ((-45)/20)/((-6)/(-16)). Let c be (6/(-5))/(b/80). Let t = c - 10. What is the units digit of t?
6
Let x(r) = r**3 + 17*r**2 - 2*r - 11. What is the hundreds digit of x(-16)?
2
Let u(v) = 4*v + 33. What is the units digit of u(0)?
3
Let u(f) = -2*f - 8. What is the units digit of u(-12)?
6
Suppose w + w + 4*b - 58 = 0, 5*w = b + 178. Suppose 7*y = 8*y - w. What is the units digit of y?
5
Suppose -2*c = 13 - 41. Suppose -5*s + c = 4. Suppose -v = -5*r - 1, 0*v - s*r - 5 = -5*v. What is the units digit of v?
1
Let q be ((-22)/5)/((-6)/(-60)). Let a = q + 77. What is the units digit of a?
3
What is the tens digit of ((0 - 1)*119)/(-1)?
1
Suppose -d + 172 = d. Suppose 0 = 3*f - 4*f + d. Suppose 3*b = 5*j - f, b = -8*j + 3*j + 78. What is the units digit of j?
6
Let w be ((-2)/(-3))/(2/6). Suppose -7 - 1 = -w*a. Suppose 4*d = -s + 12, -s + a*d = -5*s + 24. What is the units digit of s?
4
Let o(j) = -3*j - 31. What is the tens digit of o(-16)?
1
Suppose 2*h - 56 = -4*x - 2*h, 5*x - 50 = -h. What is the units digit of (12/(-16))/(x/(-24))?
2
Let o = -10 + 14. Let x(m) = -m**2 + 11*m + 5. What is the tens digit of x(o)?
3
Let o(r) = r + 17. Let g be o(-7). Suppose 0 = -2*l + 2 + g. Suppose -l*z + 10 = -z. What is the units digit of z?
2
Suppose -3*l + 50 + 67 = 0. What is the tens digit of l?
3
Suppose -12*o + 15 = -7*o. Let f be 4/(-6) - (-4)/6. What is the units digit of 10 - ((o - 2) + f)?
9
Let v be 9 + (-2 - (-4)/2). What is the units digit of 3/v - 140/(-12)?
2
Let w(r) = 3*r - 6. What is the tens digit of w(6)?
1
Suppose 3*u + u - 20 = 0. Suppose -u*f - 3*p = -30, 4*f - 4*p + 4 = -4. Let x = f + 1. What is the units digit of x?
4
Suppose -y - 3*y + 14 = p, p - 5*y + 22 = 0. Let a(f) = 4*f**2 + 4*f + 3. Let q be a(p). Suppose 0 = n + w - q, -2*n + w + 2 = -5. What is the units digit of n?
6
What is the units digit of (-3)/((-3)/1)*2?
2
Let y(o) = 2*o + 15. Let n be y(-8). What is the tens digit of 27*n*(-7 - -6)?
2
Let d = 21 + -6. What is the units digit of d?
5
Let h be (1/(-1))/((-3)/3)*13. Let s(i) = i**2 + 5. Let c be s(0). Let b = h - c. What is the units digit of b?
8
Let l(q) = 11*q + 2. Let c(v) = v**2. Let y be c(-1). What is the units digit of l(y)?
3
Let z(f) = -f**3 - f**2 + 5*f - 1. What is the tens digit of z(-4)?
2
Suppose 5*o + 0*o + 20 = 0, 3*p - 4 = -2*o. Suppose -p*i + 56 = -4*b + 7*b, 4*b + i = 79. What is the units digit of b?
0
Let z(u) = -u**2 - 17*u - 7. What is the units digit of z(-16)?
9
Suppose 2*c = -0*c + 18. What is the units digit of c?
9